{"id":616,"date":"2021-05-14T08:29:57","date_gmt":"2021-05-14T07:29:57","guid":{"rendered":"https:\/\/kuchniawielicka.pl\/?page_id=616"},"modified":"2021-05-14T09:41:25","modified_gmt":"2021-05-14T08:41:25","slug":"historiawieliczki","status":"publish","type":"page","link":"https:\/\/kuchniawielicka.pl\/index.php\/historiawieliczki\/","title":{"rendered":"Historia Wieliczki"},"content":{"rendered":"\n\n<h3>Magnum Sal<\/h3>\n<p>Kr\u00f3l Kazimierz I Odnowiciel, w jednym ze swoich przywilej\u00f3w nadanych benedyktynom z Ty\u0144ca w 1044 roku, nazwa\u0142 dzisiejsz\u0105 Wieliczk\u0119 \u201emagnum sal alias Wieliczka&#8221;. O \u017bupach Wielickich pisze te\u017c polski kronikarz Jan D\u0142ugosz w XIII wieku. W 1290 roku za spraw\u0105 Przemys\u0142awa II Wieliczka zosta\u0142a lokowana na prawie i otrzyma\u0142a prawa miejskie.<\/p>\n<p><img decoding=\"async\" src=\"https:\/\/kuchniawielicka.pl\/wp-content\/uploads\/2021\/04\/cropped-historia-744x418.jpg\" alt=\"\" \/>XIII wiek to te\u017c czas rozbudowy wielickich \u017bup Krakowskich &#8211; po\u0142\u0105czonych warzelni i kopalni soli w Wieliczce i Bochni. To tak\u017ce okres panowania Boles\u0142awa Wstydliwego, kt\u00f3ry po\u015blubi\u0142 w\u0119giersk\u0105 ksi\u0119\u017cniczk\u0119 Kunegund\u0119. Z jej postaci\u0105 wi\u0105\u017ce si\u0119 jedna z legend. Przed wyjazdem do Polski poprosi\u0142a swojego ojca, aby pozwoli\u0142 jej wnie\u015b\u0107 w posagu to, co b\u0119dzie s\u0142u\u017cy\u0142o biednym i bogatym. \u015awi\u0119ta Kinga, bo o niej jest mowa, otrzyma\u0142a zgod\u0119 ojca i wrzuci\u0142a do w\u0119gierskiej \u017cupy \u015blubn\u0105 obr\u0105czk\u0119. Po przyje\u017adzie do Polski wskaza\u0142a miejsce, w kt\u00f3rym nale\u017cy kopa\u0107. Tak zrobiono i w pierwszej bryle soli, do kt\u00f3rej si\u0119 dokopano, znaleziono jej z\u0142ot\u0105 obr\u0105czk\u0119. A wszystko si\u0119 dzia\u0142o oczywi\u015bcie w Wieliczce.<\/p>\n<p>Kazimierz Wielki uregulowa\u0142 Statut \u017bup Krakowskich, kt\u00f3ry zawiera\u0142 zasady, przepisy i normy dotycz\u0105ce wydobycia i sprzeda\u017cy soli, kt\u00f3ra przynosi\u0142a du\u017ce dochody. Przeznaczano je \u00a0mi\u0119dzy innymi na rozbudow\u0119 Wawelu czy te\u017c budow\u0119\u00a0 Akademii Krakowskiej<\/p>\n<h3>Czasy Jagiellon\u00f3w<\/h3>\n<p><img decoding=\"async\" src=\"https:\/\/kuchniawielicka.pl\/wp-content\/uploads\/2021\/05\/MicrosoftTeams-image.jpg\" alt=\"\" \/>W XVI wieku kopalnia w Wieliczce by\u0142a jednym z trzech najwi\u0119kszych przedsi\u0119biorstw \u00f3wczesnej Europy. Za panowania Jagiellon\u00f3w Wieliczka staje si\u0119 miastem wielokulturowym, do kt\u00f3rego przybywaj\u0105 kupcy z ca\u0142ej Europy. Do kopalni przyje\u017cd\u017cali tak\u017ce ci, kt\u00f3rzy chcieli zobaczy\u0107 t\u0119 niezwyk\u0142o\u015b\u0107. W\u015br\u00f3d nich by\u0142 sam Miko\u0142aj Kopernik.<\/p>\n<p>Kr\u00f3l Zygmunt Stary upa\u0144stwowi\u0142 kopalni\u0119 i g\u0142\u0119bi\u0142 szyby &#8222;Regis&#8221;, \u201eLoys&#8221; i \u201eWodna G\u00f3ra&#8221;, z kt\u00f3rych solank\u0119 dostarczano do warzelni a\u017c do pocz\u0105tku XVIII wieku. W tym stuleciu nast\u0105pi\u0142 rozbi\u00f3r Polski, a z dobrodziejstw kopalni korzystali jedynie zaborcy. Do miasta licznie przybywali tury\u015bci, aby obaczy\u0107 pi\u0119kne komory solne, kaplice i jezioro w s\u0142ynnej ju\u017c na ca\u0142y \u015bwiat kopalni.<\/p>\n<h3>XX wiek<\/h3>\n<p>Wiek XX to czas dw\u00f3ch wojen \u015bwiatowych, ale te\u017c odzyskanie niepodleg\u0142o\u015bci przez Polsk\u0119 w 1918 roku. Rok p\u00f3\u017aniej Wieliczk\u0119 odwiedzi\u0142 J\u00f3zef Pi\u0142sudski.<\/p>\n<p><img loading=\"lazy\" decoding=\"async\" src=\"https:\/\/kuchniawielicka.pl\/wp-content\/uploads\/2021\/05\/szyb-744x504.jpg\" alt=\"\" width=\"744\" height=\"504\" \/>Po II wojnie \u015bwiatowej w 1951 roku w odbudowanym zamku powsta\u0142o Muzeum \u017bup Krakowskich. W 1974 roku kopalni\u0119 ustanowiono Pomnikiem Historii, a cztery lata p\u00f3\u017anij wpisano na Pierwsz\u0105 \u015awiatow\u0105 List\u0119 Dziedzictwa Kulturowego i Przyrodniczego UNESCO.<\/p>\n<p>W 1996 roku kopalnia zako\u0144czy\u0142a eksploatacj\u0119 soli i sta\u0142a si\u0119 Kopalni\u0105 Soli \u201eWieliczka&#8221; &#8211; atrakcj\u0105 turystyczn\u0105 i lecznicz\u0105.<\/p>\n\n","protected":false},"excerpt":{"rendered":"<div class=\"entry-summary\">\nMagnum Sal Kr\u00f3l Kazimierz I Odnowiciel, w jednym ze swoich przywilej\u00f3w nadanych benedyktynom z Ty\u0144ca w 1044 roku, nazwa\u0142 dzisiejsz\u0105 Wieliczk\u0119 \u201emagnum sal alias Wieliczka&#8221;. O \u017bupach Wielickich pisze te\u017c polski kronikarz Jan D\u0142ugosz w XIII wieku. W 1290 roku&hellip;\n<\/div>\n<div class=\"link-more\"><a href=\"https:\/\/kuchniawielicka.pl\/index.php\/historiawieliczki\/\" class=\"more-link\">Kontynuuj czytanie<span class=\"screen-reader-text\"> &ldquo;Historia Wieliczki&rdquo;<\/span>&hellip;<\/a><\/div>\n","protected":false},"author":1,"featured_media":0,"parent":0,"menu_order":0,"comment_status":"closed","ping_status":"closed","template":"","meta":{"spay_email":"","footnotes":""},"class_list":["post-616","page","type-page","status-publish","hentry","entry"],"_links":{"self":[{"href":"https:\/\/kuchniawielicka.pl\/index.php\/wp-json\/wp\/v2\/pages\/616","targetHints":{"allow":["GET"]}}],"collection":[{"href":"https:\/\/kuchniawielicka.pl\/index.php\/wp-json\/wp\/v2\/pages"}],"about":[{"href":"https:\/\/kuchniawielicka.pl\/index.php\/wp-json\/wp\/v2\/types\/page"}],"author":[{"embeddable":true,"href":"https:\/\/kuchniawielicka.pl\/index.php\/wp-json\/wp\/v2\/users\/1"}],"replies":[{"embeddable":true,"href":"https:\/\/kuchniawielicka.pl\/index.php\/wp-json\/wp\/v2\/comments?post=616"}],"version-history":[{"count":13,"href":"https:\/\/kuchniawielicka.pl\/index.php\/wp-json\/wp\/v2\/pages\/616\/revisions"}],"predecessor-version":[{"id":676,"href":"https:\/\/kuchniawielicka.pl\/index.php\/wp-json\/wp\/v2\/pages\/616\/revisions\/676"}],"wp:attachment":[{"href":"https:\/\/kuchniawielicka.pl\/index.php\/wp-json\/wp\/v2\/media?parent=616"}],"curies":[{"name":"wp","href":"https:\/\/api.w.org\/{rel}","templated":true}]}}